{"id":185,"date":"2024-07-08T14:51:32","date_gmt":"2024-07-08T17:51:32","guid":{"rendered":"https:\/\/grupoehid.com.br\/?page_id=185"},"modified":"2024-07-08T15:58:48","modified_gmt":"2024-07-08T18:58:48","slug":"garrafas-canecas-e-afins","status":"publish","type":"page","link":"https:\/\/grupoehid.com.br\/?page_id=185","title":{"rendered":"Garrafas, Canecas e Afins"},"content":{"rendered":"\t\t<div data-elementor-type=\"wp-page\" data-elementor-id=\"185\" class=\"elementor elementor-185\">\n\t\t\t\t\t\t\t<div class=\"elementor-element elementor-element-b67e7d6 e-flex e-con-boxed e-con e-parent\" data-id=\"b67e7d6\" data-element_type=\"container\" data-settings=\"{&quot;content_width&quot;:&quot;boxed&quot;}\" data-core-v316-plus=\"true\">\n\t\t\t\t\t<div class=\"e-con-inner\">\n\t\t\t\t<div class=\"elementor-element elementor-element-47b306b elementor-widget elementor-widget-heading\" data-id=\"47b306b\" data-element_type=\"widget\" data-widget_type=\"heading.default\">\n\t\t\t\t<div class=\"elementor-widget-container\">\n\t\t\t<style>\/*! elementor - v3.18.0 - 20-12-2023 *\/\n.elementor-heading-title{padding:0;margin:0;line-height:1}.elementor-widget-heading .elementor-heading-title[class*=elementor-size-]>a{color:inherit;font-size:inherit;line-height:inherit}.elementor-widget-heading .elementor-heading-title.elementor-size-small{font-size:15px}.elementor-widget-heading .elementor-heading-title.elementor-size-medium{font-size:19px}.elementor-widget-heading .elementor-heading-title.elementor-size-large{font-size:29px}.elementor-widget-heading .elementor-heading-title.elementor-size-xl{font-size:39px}.elementor-widget-heading .elementor-heading-title.elementor-size-xxl{font-size:59px}<\/style><h2 class=\"elementor-heading-title elementor-size-default\">Garrafas, Copos, Canecas e Afins<\/h2>\t\t<\/div>\n\t\t\t\t<\/div>\n\t\t\t\t\t<\/div>\n\t\t\t\t<\/div>\n\t\t<div class=\"elementor-element elementor-element-4231d7a e-flex e-con-boxed e-con e-parent\" data-id=\"4231d7a\" data-element_type=\"container\" data-settings=\"{&quot;content_width&quot;:&quot;boxed&quot;}\" data-core-v316-plus=\"true\">\n\t\t\t\t\t<div class=\"e-con-inner\">\n\t\t\t\t<div class=\"elementor-element elementor-element-b794f44 elementor-widget elementor-widget-text-editor\" data-id=\"b794f44\" data-element_type=\"widget\" data-widget_type=\"text-editor.default\">\n\t\t\t\t<div class=\"elementor-widget-container\">\n\t\t\t<style>\/*! elementor - v3.18.0 - 20-12-2023 *\/\n.elementor-widget-text-editor.elementor-drop-cap-view-stacked .elementor-drop-cap{background-color:#69727d;color:#fff}.elementor-widget-text-editor.elementor-drop-cap-view-framed .elementor-drop-cap{color:#69727d;border:3px solid;background-color:transparent}.elementor-widget-text-editor:not(.elementor-drop-cap-view-default) .elementor-drop-cap{margin-top:8px}.elementor-widget-text-editor:not(.elementor-drop-cap-view-default) .elementor-drop-cap-letter{width:1em;height:1em}.elementor-widget-text-editor .elementor-drop-cap{float:left;text-align:center;line-height:1;font-size:50px}.elementor-widget-text-editor .elementor-drop-cap-letter{display:inline-block}<\/style>\t\t\t\t<p>Todos os valores apresentados s\u00e3o unit\u00e1rios de acordo com a quantidade escolhida.<\/p><p>Produtos sujeitos a disponibilidade em estoque.<\/p><p>Pre\u00e7os podem sofrer altera\u00e7\u00f5es sem pr\u00e9vio aviso.<\/p>\t\t\t\t\t\t<\/div>\n\t\t\t\t<\/div>\n\t\t\t\t\t<\/div>\n\t\t\t\t<\/div>\n\t\t<div class=\"elementor-element elementor-element-fea0df3 e-flex e-con-boxed e-con e-parent\" data-id=\"fea0df3\" data-element_type=\"container\" data-settings=\"{&quot;content_width&quot;:&quot;boxed&quot;}\" data-core-v316-plus=\"true\">\n\t\t\t\t\t<div class=\"e-con-inner\">\n\t\t\t\t<div class=\"elementor-element elementor-element-8bb36b4 elementor-widget-mobile__width-inherit elementor-widget elementor-widget-image-gallery\" data-id=\"8bb36b4\" data-element_type=\"widget\" data-widget_type=\"image-gallery.default\">\n\t\t\t\t<div class=\"elementor-widget-container\">\n\t\t\t<style>\/*! elementor - v3.18.0 - 20-12-2023 *\/\n.elementor-image-gallery .gallery-item{display:inline-block;text-align:center;vertical-align:top;width:100%;max-width:100%;margin:0 auto}.elementor-image-gallery .gallery-item img{margin:0 auto}.elementor-image-gallery .gallery-item .gallery-caption{margin:0}.elementor-image-gallery figure img{display:block}.elementor-image-gallery figure figcaption{width:100%}.gallery-spacing-custom .elementor-image-gallery .gallery-icon{padding:0}@media (min-width:768px){.elementor-image-gallery .gallery-columns-2 .gallery-item{max-width:50%}.elementor-image-gallery .gallery-columns-3 .gallery-item{max-width:33.33%}.elementor-image-gallery .gallery-columns-4 .gallery-item{max-width:25%}.elementor-image-gallery .gallery-columns-5 .gallery-item{max-width:20%}.elementor-image-gallery .gallery-columns-6 .gallery-item{max-width:16.666%}.elementor-image-gallery .gallery-columns-7 .gallery-item{max-width:14.28%}.elementor-image-gallery .gallery-columns-8 .gallery-item{max-width:12.5%}.elementor-image-gallery .gallery-columns-9 .gallery-item{max-width:11.11%}.elementor-image-gallery .gallery-columns-10 .gallery-item{max-width:10%}}@media (min-width:480px) and (max-width:767px){.elementor-image-gallery .gallery.gallery-columns-2 .gallery-item,.elementor-image-gallery .gallery.gallery-columns-3 .gallery-item,.elementor-image-gallery .gallery.gallery-columns-4 .gallery-item,.elementor-image-gallery .gallery.gallery-columns-5 .gallery-item,.elementor-image-gallery .gallery.gallery-columns-6 .gallery-item,.elementor-image-gallery .gallery.gallery-columns-7 .gallery-item,.elementor-image-gallery .gallery.gallery-columns-8 .gallery-item,.elementor-image-gallery .gallery.gallery-columns-9 .gallery-item,.elementor-image-gallery .gallery.gallery-columns-10 .gallery-item{max-width:50%}}@media (max-width:479px){.elementor-image-gallery .gallery.gallery-columns-2 .gallery-item,.elementor-image-gallery .gallery.gallery-columns-3 .gallery-item,.elementor-image-gallery .gallery.gallery-columns-4 .gallery-item,.elementor-image-gallery .gallery.gallery-columns-5 .gallery-item,.elementor-image-gallery .gallery.gallery-columns-6 .gallery-item,.elementor-image-gallery .gallery.gallery-columns-7 .gallery-item,.elementor-image-gallery .gallery.gallery-columns-8 .gallery-item,.elementor-image-gallery .gallery.gallery-columns-9 .gallery-item,.elementor-image-gallery .gallery.gallery-columns-10 .gallery-item{max-width:100%}}<\/style>\t\t<div class=\"elementor-image-gallery\">\n\t\t\t<div id='gallery-1' class='gallery galleryid-185 gallery-columns-2 gallery-size-large'><figure class='gallery-item'>\n\t\t\t<div class='gallery-icon landscape'>\n\t\t\t\t<img fetchpriority=\"high\" decoding=\"async\" width=\"800\" height=\"800\" src=\"https:\/\/grupoehid.com.br\/wp-content\/uploads\/2024\/07\/Squeeze-X12487F-1024x1024.jpg\" class=\"attachment-large size-large\" alt=\"\" srcset=\"https:\/\/grupoehid.com.br\/wp-content\/uploads\/2024\/07\/Squeeze-X12487F-1024x1024.jpg 1024w, https:\/\/grupoehid.com.br\/wp-content\/uploads\/2024\/07\/Squeeze-X12487F-300x300.jpg 300w, https:\/\/grupoehid.com.br\/wp-content\/uploads\/2024\/07\/Squeeze-X12487F-150x150.jpg 150w, https:\/\/grupoehid.com.br\/wp-content\/uploads\/2024\/07\/Squeeze-X12487F-768x768.jpg 768w, https:\/\/grupoehid.com.br\/wp-content\/uploads\/2024\/07\/Squeeze-X12487F-1536x1536.jpg 1536w, https:\/\/grupoehid.com.br\/wp-content\/uploads\/2024\/07\/Squeeze-X12487F-2048x2048.jpg 2048w\" sizes=\"(max-width: 800px) 100vw, 800px\" \/>\n\t\t\t<\/div><\/figure><figure class='gallery-item'>\n\t\t\t<div class='gallery-icon landscape'>\n\t\t\t\t<img decoding=\"async\" width=\"800\" height=\"800\" src=\"https:\/\/grupoehid.com.br\/wp-content\/uploads\/2024\/07\/Garrafa-X18551-1024x1024.jpg\" class=\"attachment-large size-large\" alt=\"\" srcset=\"https:\/\/grupoehid.com.br\/wp-content\/uploads\/2024\/07\/Garrafa-X18551-1024x1024.jpg 1024w, https:\/\/grupoehid.com.br\/wp-content\/uploads\/2024\/07\/Garrafa-X18551-300x300.jpg 300w, https:\/\/grupoehid.com.br\/wp-content\/uploads\/2024\/07\/Garrafa-X18551-150x150.jpg 150w, https:\/\/grupoehid.com.br\/wp-content\/uploads\/2024\/07\/Garrafa-X18551-768x768.jpg 768w, https:\/\/grupoehid.com.br\/wp-content\/uploads\/2024\/07\/Garrafa-X18551-1536x1536.jpg 1536w, https:\/\/grupoehid.com.br\/wp-content\/uploads\/2024\/07\/Garrafa-X18551-2048x2048.jpg 2048w\" sizes=\"(max-width: 800px) 100vw, 800px\" \/>\n\t\t\t<\/div><\/figure><figure class='gallery-item'>\n\t\t\t<div class='gallery-icon landscape'>\n\t\t\t\t<img decoding=\"async\" width=\"800\" height=\"800\" src=\"https:\/\/grupoehid.com.br\/wp-content\/uploads\/2024\/07\/Caneca-X13282-1024x1024.jpg\" class=\"attachment-large size-large\" alt=\"\" srcset=\"https:\/\/grupoehid.com.br\/wp-content\/uploads\/2024\/07\/Caneca-X13282-1024x1024.jpg 1024w, https:\/\/grupoehid.com.br\/wp-content\/uploads\/2024\/07\/Caneca-X13282-300x300.jpg 300w, https:\/\/grupoehid.com.br\/wp-content\/uploads\/2024\/07\/Caneca-X13282-150x150.jpg 150w, https:\/\/grupoehid.com.br\/wp-content\/uploads\/2024\/07\/Caneca-X13282-768x768.jpg 768w, https:\/\/grupoehid.com.br\/wp-content\/uploads\/2024\/07\/Caneca-X13282-1536x1536.jpg 1536w, https:\/\/grupoehid.com.br\/wp-content\/uploads\/2024\/07\/Caneca-X13282-2048x2048.jpg 2048w\" sizes=\"(max-width: 800px) 100vw, 800px\" \/>\n\t\t\t<\/div><\/figure><figure class='gallery-item'>\n\t\t\t<div class='gallery-icon landscape'>\n\t\t\t\t<img loading=\"lazy\" decoding=\"async\" width=\"800\" height=\"800\" src=\"https:\/\/grupoehid.com.br\/wp-content\/uploads\/2024\/07\/Copo-Bucks-1024x1024.jpg\" class=\"attachment-large size-large\" alt=\"\" srcset=\"https:\/\/grupoehid.com.br\/wp-content\/uploads\/2024\/07\/Copo-Bucks-1024x1024.jpg 1024w, https:\/\/grupoehid.com.br\/wp-content\/uploads\/2024\/07\/Copo-Bucks-300x300.jpg 300w, https:\/\/grupoehid.com.br\/wp-content\/uploads\/2024\/07\/Copo-Bucks-150x150.jpg 150w, https:\/\/grupoehid.com.br\/wp-content\/uploads\/2024\/07\/Copo-Bucks-768x768.jpg 768w, https:\/\/grupoehid.com.br\/wp-content\/uploads\/2024\/07\/Copo-Bucks-1536x1536.jpg 1536w, https:\/\/grupoehid.com.br\/wp-content\/uploads\/2024\/07\/Copo-Bucks-2048x2048.jpg 2048w\" sizes=\"(max-width: 800px) 100vw, 800px\" \/>\n\t\t\t<\/div><\/figure><figure class='gallery-item'>\n\t\t\t<div class='gallery-icon landscape'>\n\t\t\t\t<img loading=\"lazy\" decoding=\"async\" width=\"800\" height=\"800\" src=\"https:\/\/grupoehid.com.br\/wp-content\/uploads\/2024\/07\/Garrafa-X05076-1024x1024.jpg\" class=\"attachment-large size-large\" alt=\"\" srcset=\"https:\/\/grupoehid.com.br\/wp-content\/uploads\/2024\/07\/Garrafa-X05076-1024x1024.jpg 1024w, https:\/\/grupoehid.com.br\/wp-content\/uploads\/2024\/07\/Garrafa-X05076-300x300.jpg 300w, https:\/\/grupoehid.com.br\/wp-content\/uploads\/2024\/07\/Garrafa-X05076-150x150.jpg 150w, https:\/\/grupoehid.com.br\/wp-content\/uploads\/2024\/07\/Garrafa-X05076-768x768.jpg 768w, https:\/\/grupoehid.com.br\/wp-content\/uploads\/2024\/07\/Garrafa-X05076-1536x1536.jpg 1536w, https:\/\/grupoehid.com.br\/wp-content\/uploads\/2024\/07\/Garrafa-X05076-2048x2048.jpg 2048w\" sizes=\"(max-width: 800px) 100vw, 800px\" \/>\n\t\t\t<\/div><\/figure><figure class='gallery-item'>\n\t\t\t<div class='gallery-icon landscape'>\n\t\t\t\t<img loading=\"lazy\" decoding=\"async\" width=\"800\" height=\"800\" src=\"https:\/\/grupoehid.com.br\/wp-content\/uploads\/2024\/07\/Squeeze-X18695-1024x1024.jpg\" class=\"attachment-large size-large\" alt=\"\" srcset=\"https:\/\/grupoehid.com.br\/wp-content\/uploads\/2024\/07\/Squeeze-X18695-1024x1024.jpg 1024w, https:\/\/grupoehid.com.br\/wp-content\/uploads\/2024\/07\/Squeeze-X18695-300x300.jpg 300w, https:\/\/grupoehid.com.br\/wp-content\/uploads\/2024\/07\/Squeeze-X18695-150x150.jpg 150w, https:\/\/grupoehid.com.br\/wp-content\/uploads\/2024\/07\/Squeeze-X18695-768x768.jpg 768w, https:\/\/grupoehid.com.br\/wp-content\/uploads\/2024\/07\/Squeeze-X18695-1536x1536.jpg 1536w, https:\/\/grupoehid.com.br\/wp-content\/uploads\/2024\/07\/Squeeze-X18695-2048x2048.jpg 2048w\" sizes=\"(max-width: 800px) 100vw, 800px\" \/>\n\t\t\t<\/div><\/figure><figure class='gallery-item'>\n\t\t\t<div class='gallery-icon landscape'>\n\t\t\t\t<img loading=\"lazy\" decoding=\"async\" width=\"800\" height=\"800\" src=\"https:\/\/grupoehid.com.br\/wp-content\/uploads\/2024\/07\/Squeze-X12459-1024x1024.jpg\" class=\"attachment-large size-large\" alt=\"\" srcset=\"https:\/\/grupoehid.com.br\/wp-content\/uploads\/2024\/07\/Squeze-X12459-1024x1024.jpg 1024w, https:\/\/grupoehid.com.br\/wp-content\/uploads\/2024\/07\/Squeze-X12459-300x300.jpg 300w, https:\/\/grupoehid.com.br\/wp-content\/uploads\/2024\/07\/Squeze-X12459-150x150.jpg 150w, https:\/\/grupoehid.com.br\/wp-content\/uploads\/2024\/07\/Squeze-X12459-768x768.jpg 768w, https:\/\/grupoehid.com.br\/wp-content\/uploads\/2024\/07\/Squeze-X12459-1536x1536.jpg 1536w, https:\/\/grupoehid.com.br\/wp-content\/uploads\/2024\/07\/Squeze-X12459-2048x2048.jpg 2048w\" sizes=\"(max-width: 800px) 100vw, 800px\" \/>\n\t\t\t<\/div><\/figure>\n\t\t<\/div>\n\t\t<\/div>\n\t\t\t\t<\/div>\n\t\t\t\t<\/div>\n\t\t\t\t\t<\/div>\n\t\t\t\t<\/div>\n\t\t<div class=\"elementor-element elementor-element-111cbd2 e-flex e-con-boxed e-con e-parent\" data-id=\"111cbd2\" data-element_type=\"container\" data-settings=\"{&quot;content_width&quot;:&quot;boxed&quot;}\" data-core-v316-plus=\"true\">\n\t\t\t\t\t<div class=\"e-con-inner\">\n\t\t\t\t<div class=\"elementor-element elementor-element-c47523b elementor-align-center elementor-widget elementor-widget-button\" data-id=\"c47523b\" data-element_type=\"widget\" data-widget_type=\"button.default\">\n\t\t\t\t<div class=\"elementor-widget-container\">\n\t\t\t\t\t<div class=\"elementor-button-wrapper\">\n\t\t\t<a class=\"elementor-button elementor-button-link elementor-size-lg\" href=\"http:\/\/wa.me\/+5511989912435\">\n\t\t\t\t\t\t<span class=\"elementor-button-content-wrapper\">\n\t\t\t\t\t\t<span class=\"elementor-button-text\">Quero Comprar<\/span>\n\t\t<\/span>\n\t\t\t\t\t<\/a>\n\t\t<\/div>\n\t\t\t\t<\/div>\n\t\t\t\t<\/div>\n\t\t\t\t\t<\/div>\n\t\t\t\t<\/div>\n\t\t\t\t\t\t\t<\/div>\n\t\t","protected":false},"excerpt":{"rendered":"<p>Garrafas, Copos, Canecas e Afins Todos os valores apresentados s\u00e3o unit\u00e1rios de acordo com a quantidade escolhida. Produtos sujeitos a disponibilidade em estoque. Pre\u00e7os podem sofrer altera\u00e7\u00f5es sem pr\u00e9vio aviso. Quero Comprar<\/p>\n","protected":false},"author":1,"featured_media":0,"parent":0,"menu_order":0,"comment_status":"closed","ping_status":"closed","template":"elementor_header_footer","meta":{"footnotes":""},"_links":{"self":[{"href":"https:\/\/grupoehid.com.br\/index.php?rest_route=\/wp\/v2\/pages\/185"}],"collection":[{"href":"https:\/\/grupoehid.com.br\/index.php?rest_route=\/wp\/v2\/pages"}],"about":[{"href":"https:\/\/grupoehid.com.br\/index.php?rest_route=\/wp\/v2\/types\/page"}],"author":[{"embeddable":true,"href":"https:\/\/grupoehid.com.br\/index.php?rest_route=\/wp\/v2\/users\/1"}],"replies":[{"embeddable":true,"href":"https:\/\/grupoehid.com.br\/index.php?rest_route=%2Fwp%2Fv2%2Fcomments&post=185"}],"version-history":[{"count":7,"href":"https:\/\/grupoehid.com.br\/index.php?rest_route=\/wp\/v2\/pages\/185\/revisions"}],"predecessor-version":[{"id":265,"href":"https:\/\/grupoehid.com.br\/index.php?rest_route=\/wp\/v2\/pages\/185\/revisions\/265"}],"wp:attachment":[{"href":"https:\/\/grupoehid.com.br\/index.php?rest_route=%2Fwp%2Fv2%2Fmedia&parent=185"}],"curies":[{"name":"wp","href":"https:\/\/api.w.org\/{rel}","templated":true}]}}